ve g(-5).
-2
Let t(i) be the second derivative of -i**5/30 + i**4/12 + 103*i**2/2 - 61*i. Let k(x) be the first derivative of t(x). Suppose -2*p - p - 6 = 0. Calculate k(p).
-12
Let s(u) = 19*u - 84. Let o(g) = 4*g**3 + 14*g**2 - 12*g - 2. Let r be o(1). Determine s(r).
-8
Suppose 54*o = 53*o + 3. Suppose 3*v = -3*g + 5*g + 25, 2*g = -o*v + 5. Let p be 1*2 + g*4/(-20). Let j(u) = -2*u + 4. Give j(p).
-2
Let x(z) = 5*z**3 + 6*z**2 + 4*z + 5. Let b(j) = -17*j**3 - 19*j**2 - 13*j - 16. Let d(m) = 2*b(m) + 7*x(m). Determine d(-3).
6
Let k(z) be the third derivative of -z**5/30 + z**4/8 + z**3/3 + z**2. Let m(s) = 16*s - 119. Let b be m(9). Suppose w + b = 6*w, -15 = 5*x - w. What is k(x)?
-12
Let o(d) = -18*d**2 - 12*d**2 + 2 - 19*d**2 - d**3 + 50*d**2 + 5*d**2 - 2*d. Let a = -113 - -117. Determine o(a).
26
Suppose -f - 5*x - 2095 = 4*f, 2*x = 3*f + 1262. Let r be f/(-11) - (0 - (-4)/22). Let d(a) = 46*a - r*a + 9*a**2 + 3*a**3 - 1 + 4 - 2*a**3. Give d(-8).
3
Let t be ((-75)/(-120))/5 - 446/(-16). Let h(v) = 2*v - 58. Give h(t).
-2
Let t(u) = -2 + 22*u - 38*u + 16 + u**2 - 10 + 13*u. Give t(5).
14
Let j(a) = -10*a + 3. Let p(r) = r**3 + 14*r**2 - 9*r + 9. Let q be p(-14). Let k = -133 + q. Give j(k).
-17
Let y(m) be the third derivative of 0*m**4 + 0*m + 0 - 1/60*m**5 + 101*m**2 - 3*m**3. Calculate y(0).
-18
Let w(h) = -26*h**3 + 11*h**2 + 18*h + 7. Let q(g) = -22*g**3 + 10*g**2 + 15*g + 6. Let a(m) = -7*q(m) + 6*w(m). Suppose -3*r + 8 = 2. Calculate a(r).
-26
Let w(v) = v**2 - 12*v + 22. Suppose 0 = 5*t + n - 49, -3*t - 3*n - 34 = -49. What is w(t)?
11
Let t(m) = 21*m + 15. Let k(v) = -13*v - 12. Let g(h) = -3*k(h) - 2*t(h). Determine g(7).
-15
Let k(v) be the third derivative of v**6/120 - v**5/60 + v**4/24 - v**3/6 - 2*v**2 + 84*v. Let q be 3 - (2 - (-7 - -6)). What is k(q)?
-1
Let s(x) be the second derivative of x**3/6 - 19*x**2/2 - 18*x. Let b be s(22). Let n(c) = 49*c**b - 24*c**3 - 36*c**3 + c + c**2. Give n(-1).
11
Let r(f) be the first derivative of f**5/60 + f**4/24 - f**3/6 + f**2/2 + 53*f - 158. Let x(d) be the second derivative of r(d). What is x(1)?
1
Let s(w) = 6 + 19 + 302013*w - 301995*w - 5. Give s(-3).
-34
Let r(s) = 34*s - 145. Let c(m) = -2*m + 8. Let n(y) = -2*c(y) + r(y). Calculate n(4).
-9
Let g be 2/(-20)*-16 - (-2)/5. Let v(y) = y + 3 - 5*y + y - 3*y + y**g. Let b be -4 + 12 + (2/(-1) - 1). What is v(b)?
-2
Let i(z) = -7*z + 44. Let k(p) = -p + 3. Let t(n) = i(n) - 4*k(n). Determine t(17).
-19
Let a(u) = -3*u + 1. Suppose 12 = -2*t - 2*t. Let f be (-8)/(-3) - 4/6. Let y = f + t. Determine a(y).
4
Let n = -6694 - -6699. Let d(k) = k**2 - k - 24. Determine d(n).
-4
Let b(s) be the first derivative of -s**3/3 + 21*s**2/2 + 79*s + 20. Calculate b(24).
7
Suppose -4*o + 5*c - 6*c = -36, -5*c = 0. Let q(y) = -y + 5*y - 5 - 3*y. What is q(o)?
4
Let n(f) = -30*f - 21. Let x(m) = -m**3 - 117*m**2 + 250*m + 1432. Let g be x(-119). Calculate n(g).
-141
Let x be (0 - 4) + 20 + -14. Let b = -14 - -15. Let t(g) = -g. Let a(y) = y - 1. Let d(s) = b*t(s) + x*a(s). Give d(-8).
-10
Let d(j) be the first derivative of j**2/2 - 14*j - 1. Suppose -2*x = 11*q + 42, -2*x + 2*q - q + 30 = 0. Calculate d(x).
-2
Let n(w) = -w**2 + 317*w - 2778. Let q be n(9). Let u(p) = p**3 + 2*p**2 - 26*p - 4. Give u(q).
8
Let s = -2317 + 2303. Let h(o) = o**2 + 12*o - 45. What is h(s)?
-17
Suppose 0 = 79*x - 76*x + 60. Let v(f) = 3*f**2 - f**2 - 3*f**2 + 4 - 20*f. Calculate v(x).
4
Let r(i) = 5*i + 77. Let d be r(-15). Let g(t) = -t**3 - t**2 + t. Let u(o) = o**3 - 7*o**2 - 11*o - 3. Let a(v) = d*g(v) + u(v). What is a(-8)?
5
Let p be (74/(-6) - -11)/((-4)/18). Let q(a) = 2*a - 1. Let l(b) = 17*b**2 + 12*b - 5. Let m(j) = p*q(j) - l(j). What is m(1)?
-18
Let s(u) = 11*u**2 - u + 2. Let p = -494 - 69. Let l = p - -564. What is s(l)?
12
Let o(n) be the second derivative of 5*n**3/6 - 21*n**2/2 - 12*n - 2. Give o(6).
9
Let l(z) be the first derivative of -3*z + 7/2*z**2 - 1/3*z**3 - 150. Give l(5).
7
Let k(o) = o**3 - 37 - 16 + 61 + 0*o**3 + 7*o**2 - o. Calculate k(-6).
50
Let q(a) = 25*a. Let j(h) = 29*h - 5. Let z(t) = -6*j(t) + 7*q(t). What is z(-15)?
15
Let t(p) = p**3 - p**2 - 4. Suppose u - 3 = -d - 1, -3*d - 2 = -u. Suppose 2*v - 3*c = -0*c, c = -u*v. Let j be 1 - 1 - v/1. Calculate t(j).
-4
Let i(n) = -1055*n + 1054*n + 17828 - 17824. Suppose -4*x + 2*x = 5*c - 55, -44 = -4*c - x. Give i(c).
-7
Let z(m) = 6*m + 2*m + 54 + 9*m. Let w be z(-3). Let u(y) = y**2 - y - 1. Let x(o) = 10*o**2 - 9*o - 13. Let l(i) = -22*u(i) + 2*x(i). What is l(w)?
-10
Suppose -3*w = 4 - 7. Suppose -3*f + w = -8. Suppose -4*y + f = p - 5, -4*p - 4 = 4*y. Let n(z) = -2*z**2 + 4*z + 1. What is n(y)?
-5
Let a = -33956 + 33967. Let q(j) = -22*j + 229. Calculate q(a).
-13
Let s(t) = t**2 - 54*t + 688. Let a be (-2)/((-2086)/294 + 7). Give s(a).
-5
Let q = -303 + 307. Let x(d) = 5 - 40*d - 41*d - 10*d**2 + d**3 + 72*d - q*d**3 + 2*d**3. Determine x(-9).
5
Let a be (-18)/5*10*1. Suppose -4*u - 178 = 201*x - 198*x, 0 = -u + 3*x - 37. Let s = a - u. Let z(r) = -r**3 + 7*r**2 + 2. Calculate z(s).
2
Let m(r) = -r**3 + 7*r**2 + 14. Let n = 3235 + -3229. Calculate m(n).
50
Let r(j) = 39 - 114 + 39 + 40 + 2*j. Let b be 14/(-3)*48/(-32). Give r(b).
18
Let c(i) = -2*i**3 - 3*i**2 + 17*i - 13. Let k(x) = 3*x**3 + x**2 - 18*x + 14. Let r(l) = 4*c(l) + 3*k(l). Determine r(7).
-10
Let r(f) be the first derivative of f**3/3 - f**2/2 - 19*f - 4394. Calculate r(6).
11
Let c = 11 + -8. Let l(f) = 0*f + 6*f**3 - 1 - 8*f**c + f. Let p(b) = 13*b**2 + 100*b - 152. Let m be p(-9). What is l(m)?
-2
Let w(z) = 6*z**2 + 5*z - 4 - 4 + z**3 + 4. Let q = -52 - -157. Let v = -109 + q. Give w(v).
8
Let f(u) = u**2 - u + 4. Let v be f(0). Let o(t) = -10*t**2 + 16*t - 5. Let j(q) = 17*q**2 - 31*q + 9. Let a(d) = v*j(d) + 7*o(d). Determine a(-6).
1
Let s(t) = 8*t**2 - 5*t + 2. Let x be s(1). Suppose -3*r + 0*n + 27 = x*n, 5*r + 2*n - 26 = 0. Let l(h) = r*h - 6*h + 1 + 3*h. Give l(-9).
-8
Let v(t) = t**3 + 4*t**2 - 7*t - 4. Let u(o) = -9*o**3 - 30*o**2 + 56*o + 32. Let q(h) = -2*u(h) - 17*v(h). Calculate q(7).
4
Suppose -2*y - 5 = -4*p - y, -4*y + 16 = 2*p. Let n = -1779 + 1797. Let u(j) = 19*j**2 + 11 - n*j**p - 11. Determine u(-3).
9
Let k be 20/(-4 - 0)*-1. Suppose 5*v = 3*v + f + 8, -v + f + k = 0. Let r = v + 1. Let x(s) = 2*s - 6. Calculate x(r).
2
Let n(i) = -27*i + 135. Let y(l) = -21*l + 125. Let a(s) = 4*n(s) - 5*y(s). Give a(-26).
-7
Let r(m) = 27*m + 182. Let x be (3/(-6))/((-23)/(-322)). Let u be r(x). Let c(y) = y**3 + 7*y**2 + y + 3. Give c(u).
-4
Suppose 3*q + t = 52, -2*q - 5*t = -2*t - 37. Suppose -31 = -6*a + q. Let w(m) = -7*m + 3. Let g(s) = -6*s + 3. Let l(r) = -6*g(r) + 5*w(r). Calculate l(a).
5
Let d(v) = -v**2 + v - 1. Let t(f) = 4*f**2 - 3*f + 2. Let y(u) = 3*d(u) + t(u). Let s(r) = -15*r + 29. Let h be s(2). What is y(h)?
0
Let l(x) be the third derivative of -x**4/6 - x**3/3 - 12*x**2. Let z(y) = -y - 1. Let a(t) = l(t) - 5*z(t). Determine a(3).
6
Let p(c) = 2*c**3 - 5*c**2 + c + 3. Suppose -13*w + 19*w - 18 = 0. Let o(v) = 2*v**3 - 6*v**2 + 2*v + 4. Let x(k) = w*o(k) - 4*p(k). What is x(2)?
-4
Let q(v) = -v**3 - 16*v**2 + 18*v - 6. Let t(w) = -w**3 - 17*w**2 + 26*w + 127. Let s be t(-18). Give q(s).
-23
Let g(b) be the first derivative of -b**3/3 + 16*b**2 - 45*b + 3836. Give g(30).
15
Let f(w) = 20*w + 1. Let o = 28 - 19. Let i(t) = 3*t + 1 + 25*t - o*t. Let n(x) = 3*f(x) - 4*i(x). Calculate n(-1).
15
Suppose 3*j = 12, -2*j + 86 = 3*y + 69. Let a(v) = 2*v - 3. Determine a(y).
3
Let d(x) = x + 2. Let n be 0 + 3/(3/40). Suppose n = -7*b + 12. What is d(b)?
-2
Let q be ((-33)/(-22) + -4)*(536/40 - 11). Let o(n) = 2*n**3 - 11*n**2 - 11*n + 1. Let h(d) = -d**3 + d**2 + d. Let y(w) = 3*h(w) + o(w). Calculate y(q).
-23
Let d(x) = -2*x - 3. Let q(a) = a + 4. Let l be q(-4). Suppose -5*v + 21 = -4. Suppose -4*r = -l*r - 16, r = -v*i + 19. What is d(i)?
-9
Let f(x) be the third derivative of x**5/60 + 11*x**4/24 + 2*x**3 + 1121*x**2. Determine f(-11).
12
Let i(q) = -q**2 - 15*q - 26. Let a be ((-4)/(-8)*-32)/(1*2). Determine i(a).
30
Let n(j) = -j**3 + 6*j**2 - 5*j - 7. Suppose 176 = 15*m - 169. Suppose -m*d = -19*d - 20. What is n(d)?
-7
Suppose -i + 0 - 11 = -2*m, m - 28 = -4*i. Suppose 12*s - 